- -2).
2
What is (9 - 0) + (-1 - 4 - (-21 - -19))?
6
Calculate -36 - (7 + -5 + 5 + -17).
-26
What is -28 - (4 - (7 + 5))?
-20
Calculate 4 - (-19 - (-17 - (-6 + -1))).
13
What is 2 + -20 + 2 + (-126 - -134)?
-8
What is 943 + -953 + (-2 - 19) + 3 + -2?
-30
Calculate 44 + -10 + (32 - 40).
26
What is 19 + (5 - 49) + 27?
2
What is (-11 - (-4 + 4)) + (6 - 7) + 8?
-4
Evaluate (-1 - (4 + -5)) + -3 + -11 + 35.
21
What is 11 + (0 - (10 + -9))?
10
What is the value of -16 + 10 - (-2 - (3 + -2))?
-3
What is the value of (-76 - -29) + 13 - -49?
15
What is the value of 1 - 2 - ((-3 + 8 - -5) + -28)?
17
Evaluate 4 + (11 + -7 + -5 + 4 - -6).
13
What is -23 + 21 + -7 + 32 + 1 - 8?
16
-5 - -9 - -2 - 18
-12
What is 7 - 1 - (-6 - -21 - 10)?
1
Calculate -3 + -1 + (1 - 2) + -39 + 29.
-15
Calculate -6 - ((-1 + 9 - 8 - 20) + -10).
24
What is the value of 5 + (5 - (19 - 15)) - (10 - 1)?
-3
What is the value of -17 + 2 + -9 + 56 + -30?
2
Evaluate -6 - (-4 - (-19 - -5) - 0).
-16
What is the value of (-7 - 6) + -3 + 10 + -5?
-11
What is the value of 0 - 1 - -1 - (4855 - 4862)?
7
Calculate 5 - (5 + -10 + 25).
-15
Evaluate -3 + 11 + 2 + -5 + (-19 - 0).
-14
Evaluate -6 + -35 + 29 + 2.
-10
Evaluate 20 + -6 + -5 + 0 + -9 + 4.
4
What is the value of 12 - (31 - 35 - -32)?
-16
Evaluate -10 + -8 - (-13 - -31).
-36
What is the value of 3 + -12 + (-8 + 28 + -9 - 4)?
-2
2 + -11 + 4 + -1 + -2 - 3
-11
Evaluate 39 - 13 - 45 - (4 + 5).
-28
What is the value of 3 - -2 - 2 - (-23 + 47 + -32)?
11
-2 - (-6 - (8 + -3 - 17))
-8
What is the value of 6 + 2 + 4 + -7 - 3?
2
What is 1 - 1 - (456 - 440)?
-16
Evaluate (11 - 1) + (-18 - -4) + 14.
10
What is -4 - (11 - 4) - (-99 + 106)?
-18
Calculate 5 + 5 + -4 + (-20 - (3 - 5)).
-12
Calculate -13 - (-8 + (22 - -1) + -13).
-15
Calculate -7 + -7 + 3 + 7 + -7.
-11
What is 36 + (-64 - -32) + 12?
16
Calculate -41 + 2 - -17 - -17.
-5
Evaluate -16 + 7 + 11 - 7 - (-3 + -1).
-1
Evaluate -12 + 21 + 4 + -1.
12
Evaluate -10 + -60 + 53 + (0 - 5).
-22
Calculate -11 + (4 - (5 - (-3 + -2))) - 3.
-20
What is the value of 0 + 15 + 4 - -4?
23
What is -12 + -4 + 4 + 6?
-6
What is (0 + 8 + -3 - 15) + 0?
-10
What is -49 - -31 - -3 - -8?
-7
Calculate 3 + 19 + 12 + -20.
14
What is -22 + (-1 - -50) + -12?
15
Calculate 2 - (10 - 5) - -4 - (-2 - 11).
14
7 + (3 + -2 - 10) + 5
3
Calculate -223 + 227 - (0 - -5).
-1
7 + -6 - 11 - ((6 - -6) + -5)
-17
(10 - 11) + -3 + -2 + -5
-11
What is 10 - (7 + 32 + 6)?
-35
What is the value of -1 + -1 - ((-3 - 2) + -36 + 36)?
3
Evaluate -3 + (9 - 13) + -11 + 14 + 8.
4
What is (3 - 6 - (3 - 1)) + 5 - -1?
1
-2 + -2 - 4 - -17 - -5
14
41 + -47 + 4 + -4 + 1 + 20
15
Evaluate 1 + (5 - 1) + 0 + 2 + -1.
6
What is (3 - -9) + (-15 - -5)?
2
What is 7 - -1 - ((-12 - 4) + 9)?
15
Evaluate (-9 - (-6 + 4)) + 10.
3
Evaluate -20 + 116 + -121 + 1 + 7.
-17
What is -2 + 9 + (13 - 0 - 16)?
4
What is 25 + -5 + (14 - 13) + 1 + -7?
15
What is (11 - (-3 - -9)) + -12 - (1 - 0)?
-8
Evaluate -26 - -2 - -20 - -14.
10
What is (36 - -22 - 22) + -16 + 1?
21
-15 - 4 - ((0 - -2) + (9 - 6))
-24
Calculate -18 + (2 - 14) + 15 + (-6 - -1).
-20
9 + -13 + (7 - 7) - (-2 - 7)
5
Calculate 18 + -29 + -11 + 11.
-11
What is the value of -9 + (-14 + 44 - (35 + -22))?
8
What is the value of (-5 - (4 + -2)) + 44 + -17 - 1?
19
Calculate 0 + -13 + 35 + -16.
6
What is 12 + 7 + -4 - ((-1 - 0) + 1)?
15
Evaluate (-24 - -12) + -2 + -3 + (-2 - -5).
-14
What is 14 + -8 + 9 + -10 + 7?
12
What is (15 - 3) + -15 + (1 - -1)?
-1
Evaluate 24 + 20 + (-18 - -9) + -6 + -7.
22
What is the value of (44 - 19) + -12 + 22 + -5?
30
What is the value of 6 + -15 - ((-11 - -13) + -7)?
-4
Calculate 1 - -14 - (34 - (19 + -30)).
-30
What is the value of 7 + -4 + 17 + -11?
9
Calculate (-3 - (14 + -1 + 10)) + (2 - -3).
-21
What is -20 - -9 - -29 - 11?
7
What is the value of -25 + 18 - ((-4 - 1) + 2) - 1?
-5
Evaluate (3 - -2) + -5 + (11 - 2) + -11.
-2
What is the value of -1 + -8 - (-36 + 35 - 0)?
-8
Calculate (6 - (19 + -7)) + 13.
7
(6 - 4 - -8) + (-45 - -1) + 7
-27
What is (-25 + -10 - -68) + 0?
33
What is the value of -21 + (-3 + 38 - 7)?
7
What is the value of (2 - (6 + 1)) + (-40 - -36)?
-9
Evaluate (0 - (2 + -5)) + (72 - 73).
2
Evaluate -3 + (11 - (-1 + 2)) + -14.
-7
What is the value of -7 + 4 - -4 - 0?
1
Calculate 1 + 7 - (-347 - -347).
8
What is the value of 7 + 3 + -5 + -11 + -11?
-17
What is the value of -9 + (-9 - -26 - 13)?
-5
Calculate (-3 - (1 - -2 - 1)) + 681 + -674.
2
What is the value of (-22 - (-10 + -4)) + -3?
-11
What is 21 - (6 + 1 + -4) - (8 + 0)?
10
(-14 - -11) + (9 - 9)
-3
What is the value of -57 + 30 + -11 - -7?
-31
-10 - (7 - (13 + 4 + 4))
4
Evaluate (-10 - -13) + -2 - (38 - 5).
-32
Evaluate (1 - -9) + -30 + 9 + -5.
-16
What is the value of (-1 - -5 - (-18 + 11)) + -15?
-4
Calculate -3 + (-12 - -3) - -1 - (5 - 41).
25
Evaluate (-5 - -27) + -84 - -31.
-31
Calculate 18 + -26 + (25 - 1).
16
What is the value of -10 + (4 - (0 - -8 - 11))?
-3
What is 26 + -6 - 10 - 8 - 4?
-2
Evaluate 2 + -14 + (-8 - -20).
0
What is the value of -4 - 3 - (5 - 7 - -14)?
-19
What is (1 - 1) + -9 + -10 + (10 - -3)?
-6
Evaluate -5 - (7 - 6 - (28 + -32)).
-10
What is the value of 10 - (-4 + -11 + 18)?
7
What is the value of 8 + 6 + (-12 - -4 - -3)?
9
What is (-24 - 0) + (-16 - (6 + 10 + -28))?
-28
What is -7 + (2 + 14 + -15 - (2 + 3))?
-11
What is the value of (2 - 5 - -4 - (0 - -2)) + 6?
5
Calculate -6 + 4 - (-7 - 8 - -2).
11
Evaluate 1 + 2 + 5 + 0 - (-43 - -49).
2
What is 9 + (0 - -8) + (-24 - -11) - 3?
1
Evaluate -27 + -1 + -72 + 122.
22
Calculate 0 + 7 - (66 + (6 - 31)).
-34
What is 2 - 2 - (-6 - (-47 + 28))?
-13
What is 8 - ((-4 - (-26 + 2)) + 34 + -35)?
-11
(6 - 0) + 14 + -13 - -6
13
18 + 2 - (218 - 207)
9
Evaluate 9 + -14 - (-5 - (2 - (-4 - -7))).
-1
Evaluate -10 - -10 - ((-2 + 4 - 1) + -1).
0
What is the value of -179 + 177 + 1 + (2 - 1)?
0
(475 - 461) + (-43 - 0)
-29
(2 - 0) + 2 + 124 + -136
-8
What is the value of (244 - 238) + -35 + 3 + 2?
-24
What is the value of 0 + (-3 - -11) + -7?
1
Calculate 3 - 3 - 3 - (-3 - 21).
21
Calculate (0 - -5) + 9 + 0 + -5.
9
What is the value of -11 - (-5 + 7 + 8 + -13)?
-8
Calculate (-10 - ((14 - 7) + -13)) + (0 - 5).
-9
12 - (3 - -1) - ((4 - 2) + -3)
9
-3 - -4 - (6 - (21 - 1))
15
Calculate -3 - (33 + -27 - ((-5 - -3) + 16)).
5
Evaluate -5 - (-15 + 17 + -16).
9
-20 - -15 - (0 + -4 + 2)
-3
(26 + -10 - 10) + 10 + 2
18
Evaluate -21 + 28 - (12 - 4 - 0).
-1
What is 5 + -10 + 4 + (152 - 135)?
16
What is (13 - (10 + -21)) + -14 - (-3 + -6)?
19
What is the value of 89 + -74 - ((-3 - -1) + 21)?
-4
-43 + 10 + -19 - -26
-26
Evaluate -2 - 13 - (-8 - (-5 + 14 - 13)).
-11
Evaluate 2 - -17 - (3 + (6 - 16 - -6)).
20
What is (-32 + 10 - -25) + 2?
5
Calculate -13 - (0 - 0 - (-15 + 1 + 10)).
-17
What is the value of -41 + 84 - 7 - 8?
28
What is the value of -67 + 68 + 17 + (-2 - 1)?
15
What is the value of 1 + (33 - 30) + (6 - 0)?
10
Evaluate 8 + -35 - (14 - 49).
8
(-3 + -9 - -20) + -13 + -1
-6
Calculate (8 + -8 + 7 - 37) + (-1 - -10).
-21
Evaluate (18 - (28 - (-18 - -15))) + 44.
31
What is the value of 2 + 5 + (-2 + 4 - 3) + -24?
-18
Calculate 120 - 114 - (-2 - -2).
6
Calculate (-34 - -33) + (-1 + -13 - 1).
-16
-27 + (10 - -3 - (10 - 1))
-23
13 + -3 + -6 + 2 + -2 + -5
-1
What is the value of -157 - -134 - (6 - (-2 - -21))?
-10
What is (2 - -18) + -5 + -11?
4
Evaluate 6 + (-13 - (-36 + 18)).
11
Evaluate -15 + 2 + 5 - (-5 + 9 + 12).
-24
What is -5 - (-10 + (6 - 13) + -1)?
13
Calculate (4 - 20) + (18 + -8 - -19).
13
Calculate (-3 - -10) + -5 - (23 + (2 - -9)).
-32
-3 + 12 - 14 - (-1 + -1 - 4)
1
Evaluate -457 + 429 - (1 - 54).
25
Evaluate 1 - (-4 - (-1 - (-3 + 10)) - 9).
6
Evaluate -85 + 108 + -12 + -3.
8
Evaluate 11 - (-20 + 15 + -8 + 11).
13
What is 10 - (-24 + 11 - (10 + -30))?
3
Evaluate (-2 - 26) + 45 + -5.
12
Evaluate 10 + -5 + 37 + -33.
9
0 + 0 + (3 + -2 - (139 - 160))
22
What is 0 - -5 - (25 + -17)?
-3
What is the value of -21 + -1 + (20 - (21 + -12)) + -10?
-21
Calculate -59 + 17 - (-36 + -11).
5
0 + (19 - 9 - (5 + 0)) + -9
-4
-1 + (9 - 0) - (-388 + 387) - -1
10
Calculate 4 - (34 + -18) - (-1 + 3 - 8).
-6
What is (-10 + 1 - (34 - 91 - -46)) + -12?
-10
What is 59 + -39 - (4 - -3)?
13
What is 1 - 1 - ((9 - (5 + 0)) + 9)?
-13
Evaluate 265 - 289 - (7 + 4).
-35
Evaluate (-10 - (-10 + 5)) + 9 + -2.